11.
-1a605
What is 1209 (base 12) in base 6?
13213
What is -43369 (base 11) in base 4?
-33120103
Convert -131203 (base 4) to base 7.
-5341
Convert e (base 15) to base 3.
112
-142331 (base 5) to base 3
-22011222
-5711 (base 12) to base 8
-22675
Convert -311032 (base 4) to base 10.
-3406
Convert -1e5c (base 16) to base 5.
-222042
Convert 200101 (base 6) to base 16.
3ce5
Convert 1100111 (base 2) to base 10.
103
-4ab (base 16) to base 7
-3325
535 (base 8) to base 14
1ad
Convert -33341 (base 6) to base 15.
-15b4
-144 (base 14) to base 16
-100
33b (base 15) to base 9
1002
Convert -24341 (base 5) to base 4.
-130312
Convert 1452 (base 11) to base 12.
1100
What is 111010100110000 (base 2) in base 14?
ad0c
What is 30224 (base 5) in base 16?
793
1601 (base 11) to base 13
c24
Convert -325 (base 15) to base 10.
-710
Convert -10010 (base 2) to base 11.
-17
Convert -15d (base 15) to base 11.
-265
-c8b (base 13) to base 3
-2221101
What is 36356 (base 7) in base 12?
5575
What is 9010 (base 13) in base 6?
231334
What is 12b23 (base 12) in base 6?
315243
310120 (base 5) to base 2
10011100110011
211010000 (base 3) to base 12
93b3
-1120132 (base 5) to base 16
-4e4a
Convert 121201 (base 5) to base 6.
33023
What is -1531 (base 6) in base 5?
-3130
What is -2434 (base 8) in base 10?
-1308
1111100111 (base 3) to base 13
1050a
What is 111303 (base 4) in base 10?
1395
What is 941 (base 10) in base 9?
1255
220212210 (base 3) to base 14
6878
Convert -411 (base 8) to base 3.
-100211
What is -27411 (base 9) in base 13?
-85a8
Convert 371 (base 8) to base 7.
504
What is -454 (base 12) in base 11?
-532
What is -3686 (base 14) in base 10?
-9526
What is -192 (base 10) in base 2?
-11000000
Convert -1155 (base 9) to base 10.
-860
Convert -1370 (base 14) to base 4.
-311212
What is -a0a6 (base 12) in base 11?
-12094
Convert -23224 (base 7) to base 9.
-8137
What is 66 (base 8) in base 12?
46
What is 12120111 (base 3) in base 4?
333133
What is 6a4 (base 12) in base 8?
1734
What is -52812 (base 9) in base 15?
-a532
Convert 110111001110110 (base 2) to base 12.
14446
Convert 4142 (base 5) to base 10.
547
What is a424 (base 12) in base 6?
214444
-14643 (base 8) to base 5
-202223
-1304220 (base 5) to base 11
-18227
What is -4 (base 9) in base 4?
-10
What is -53046 (base 10) in base 15?
-10ab6
365 (base 7) to base 10
194
What is 952 (base 10) in base 6?
4224
-58c (base 16) to base 13
-853
What is 34440 (base 5) in base 11?
1969
Convert 230656 (base 7) to base 4.
22003000
2443 (base 5) to base 6
1421
Convert 10323322 (base 4) to base 15.
5ecd
Convert 21311 (base 5) to base 9.
1887
-3b56 (base 16) to base 5
-441230
Convert 3300123 (base 5) to base 4.
31233200
Convert 112021 (base 7) to base 15.
5d74
Convert 474 (base 15) to base 5.
13014
-23334 (base 6) to base 12
-1b4a
-554 (base 8) to base 7
-1030
What is -30200 (base 11) in base 10?
-44165
-2b91 (base 13) to base 10
-6371
565 (base 7) to base 15
147
-104203 (base 7) to base 9
-27061
Convert 4b8 (base 12) to base 2.
1011001100
-514545 (base 6) to base 15
-c34e
What is 12300 (base 4) in base 10?
432
-52268 (base 9) to base 16
-86b7
55c (base 13) to base 4
32122
Convert 7685 (base 16) to base 11.
20883
What is 138 (base 11) in base 14?
b8
What is 157a (base 12) in base 4?
213232
Convert 1233010 (base 5) to base 14.
8b18
Convert 3575 (base 8) to base 5.
30132
What is -3a3 (base 11) in base 4?
-13130
-3916 (base 16) to base 8
-34426
-8214 (base 10) to base 7
-32643
19075 (base 10) to base 11
13371
What is -2200111 (base 3) in base 5?
-30312
-203101 (base 4) to base 11
-1772
What is 353 (base 15) in base 16?
2f1
-5467 (base 8) to base 12
-17b3
What is 22666 (base 11) in base 15?
9a7c
Convert 6035 (base 8) to base 11.
236a
Convert 273 (base 14) to base 11.
409
Convert 101202 (base 6) to base 9.
12052
-232244 (base 6) to base 11
-14007
What is 4180 (base 12) in base 15?
21bc
-11001111001 (base 2) to base 11
-1277
What is -261 (base 11) in base 6?
-1233
Convert 1210002 (base 3) to base 16.
512
-1021241 (base 5) to base 7
-100525
32000310 (base 4) to base 9
86653
Convert 2316 (base 7) to base 10.
846
465 (base 7) to base 14
135
Convert -328 (base 11) to base 3.
-112120
220 (base 3) to base 11
22
-4a8 (base 11) to base 8
-1132
What is -10420 (base 7) in base 12?
-1617
Convert -9cb (base 13) to base 10.
-1688
-42d7 (base 14) to base 3
-120212001
Convert 550 (base 13) to base 10.
910
Convert -d448 (base 14) to base 16.
-8ea8
Convert -47d7 (base 16) to base 3.
-221020011
What is -4325 (base 6) in base 11?
-81a
-3022313 (base 4) to base 11
-9833
Convert -356 (base 12) to base 6.
-2150
What is 3ba4 (base 14) in base 5?
314112
21f (base 16) to base 13
32a
Convert 21114 (base 7) to base 13.
24a5
What is 3b9 (base 15) in base 14?
449
-110111111010 (base 2) to base 4
-313322
Convert 2121002122 (base 3) to base 4.
30132131
Convert c9c (base 16) to base 3.
11102120
-3124 (base 6) to base 3
-221221
4111 (base 5) to base 11
443
1439 (base 11) to base 4
131001
What is 374 (base 14) in base 11?
578
Convert 4855 (base 13) to base 11.
7742
What is 212200 (base 3) in base 4?
21333
Convert -114 (base 9) to base 16.
-5e
-462 (base 13) to base 16
-2f4
-21120110 (base 3) to base 15
-1980
-1220103 (base 4) to base 6
-50523
-665 (base 13) to base 12
-775
Convert 1c37 (base 13) to base 12.
257b
1308 (base 16) to base 8
11410
Convert 30113 (base 4) to base 7.
2210
2556 (base 7) to base 5
12342
-2430012 (base 5) to base 12
-224a8
Convert -b504 (base 12) to base 9.
-30054
Convert -adc (base 14) to base 9.
-2853
2011220 (base 4) to base 6
103332
What is -3624 (base 7) in base 3?
-1211200
-21411 (base 6) to base 4
-232033
What is 255235 (base 6) in base 9?
34745
What is -6342 (base 7) in base 14?
-b59
What is -12a83 (base 13) in base 11?
-24123
Convert -2210 (base 5) to base 15.
-155
Convert -2021 (base 7) to base 2.
-1010111101
-12545 (base 6) to base 11
-1501
-1320 (base 5) to base 16
-d2
Convert -130132 (base 4) to base 12.
-107a
-10110100111 (base 2) to base 4
-112213
Convert 161200 (base 7) to base 3.
1121102101
Convert -11222 (base 4) to base 13.
-21b
-203 (base 8) to base 11
-10a
9843 (base 12) to base 6
205323
Convert -320 (base 11) to base 3.
-112021
Convert 61a (base 14) to base 15.
550
Convert -48ef (base 16) to base 5.
-1044141
What is 6486 (base 9) in base 14?
1a52
What is -3132 (base 5) in base 7?
-1134
Convert 164 (base 10) to base 2.
10100100
Convert 2034 (base 6) to base 16.
1c6
What is 31121 (base 6) in base 11?
3136
Convert 72333 (base 9) to base 16.
ba2a
Convert 5a3a (base 12) to base 6.
114514
Convert -2486 (base 9) to base 16.
-744
-41222 (base 5) to base 4
-221333
6255 (base 13) to base 2
11010100010110
What is 1928 (base 14) in base 8?
10700
What is -e5d6 (base 15) in base 5?
-3023301
101100110111111 (base 2) to base 8
54677
Convert -352 (base 9) to base 8.
-442
Convert -102243 (base 5) to base 12.
-1bb4
-12132211 (base 4) to base 14
-9953
22229 (base 11) to base 12
16789
351 (base 9) to base 4
10201
Convert -1234 (base 12) to base 6.
-13304
What is 12ac (base 16) in base 15?
163a
What is 12202 (base 4) in base 6?
1534
346d (base 16) to base 9
20362
Convert -2890 (base 13) to base 2.
-1011011100111
Convert -40a (base 13) to base 14.
-370
Convert -1001110011001010 (base 2) to base 13.
-15367
11335 (base 8) to base 9
6555
Convert -21110 (base 4) to base 16.
-254
-635c (base 13) to base 2
-11010111000110
What is 110111010 (base 2) in base 12?
30a
What is -161265 (base 7) in base 16?
-7bd5
What is 115310 (base 6) in base 8?
24032
-11010001011 (base 2) to base 3
-2022001
-100330 (base 5) to base 10
-3215
What is -35001 (base 6) in base 11?
-3808
Convert -20401 (base 5) to base 15.
-601
Convert 112 (base 12) to base 13.
c2
What is 1031 (base 11) in base 15?
610
-123002 (base 4) to base 11
-1333
402 (base 5) to base 10
102
Convert -20415 (base 6) to base 2.
-101010111011
-52553 (base 8) to base 9
-32886
What is -234 (base 13) in base 14?
-1d3
Convert 101010110001 (base 2) to base 11.
2069
Convert 767 (base 16) to base 5.
30040
Convert -3111 (base 4) to base 12.
-159
Convert -6161 (base 9) to base 16.
-119e
-69a9 (base 13) to base 16
-39fa
What is -1000011010000111 (base 2) in base 11?
-23969
-1111011011101 (base 2) to base 3
-101211122
-1130222 (base 4) to ba